43035 and 105?
15
What is the highest common factor of 233 and 103918?
233
What is the highest common factor of 39006 and 330?
66
What is the greatest common factor of 41857 and 247?
19
What is the greatest common divisor of 5103 and 513?
27
What is the greatest common factor of 105 and 2907387?
21
What is the highest common divisor of 4992 and 37248?
384
What is the greatest common factor of 24350 and 40?
10
What is the highest common divisor of 3978 and 1950?
78
Calculate the highest common factor of 14985 and 12960.
405
What is the greatest common divisor of 869 and 1309?
11
What is the highest common divisor of 527 and 33660?
17
Calculate the greatest common divisor of 420 and 2133740.
140
What is the greatest common divisor of 22742 and 2192?
274
Calculate the greatest common factor of 73140 and 120.
60
What is the greatest common divisor of 664640 and 155?
155
What is the greatest common factor of 1647 and 93696?
183
Calculate the highest common factor of 8 and 476724.
4
What is the highest common factor of 66794 and 546?
182
What is the greatest common divisor of 24 and 24726?
6
What is the highest common factor of 49 and 105497?
49
Calculate the greatest common divisor of 35832 and 48.
24
Calculate the highest common divisor of 102 and 2482.
34
Calculate the greatest common divisor of 81 and 22383.
27
What is the highest common divisor of 26304 and 5184?
192
Calculate the greatest common divisor of 98382 and 570.
114
Calculate the greatest common factor of 7329 and 63.
21
What is the greatest common factor of 352 and 1123386?
22
Calculate the greatest common divisor of 19590 and 60.
30
What is the highest common factor of 2967450 and 300?
150
What is the highest common factor of 767 and 936?
13
What is the highest common divisor of 279768 and 18?
6
What is the greatest common divisor of 73 and 3845567?
73
Calculate the greatest common factor of 11715 and 36565.
355
Calculate the highest common divisor of 3440610 and 15.
15
What is the highest common divisor of 22 and 179509?
11
Calculate the highest common divisor of 47544 and 168.
168
What is the greatest common factor of 64 and 83608?
8
Calculate the highest common divisor of 5673 and 21.
3
Calculate the greatest common factor of 2704 and 190294.
338
What is the greatest common factor of 96 and 9858?
6
What is the greatest common factor of 105 and 3085?
5
Calculate the greatest common divisor of 167202 and 126.
126
Calculate the greatest common divisor of 1972 and 2176.
68
Calculate the greatest common divisor of 409 and 11725621.
409
Calculate the greatest common factor of 45 and 368460.
45
Calculate the greatest common divisor of 1121880 and 120.
120
What is the highest common divisor of 7060 and 4700?
20
What is the highest common factor of 14120 and 2680?
40
Calculate the highest common factor of 1341 and 279.
9
Calculate the greatest common divisor of 51 and 888981.
51
Calculate the highest common divisor of 2857092 and 196.
196
What is the greatest common divisor of 18 and 43839?
9
Calculate the highest common factor of 6260 and 115.
5
Calculate the highest common divisor of 1689 and 54.
3
Calculate the highest common divisor of 177674 and 4144.
518
Calculate the highest common factor of 116 and 279444.
116
Calculate the highest common factor of 920 and 6210.
230
What is the highest common factor of 2420 and 8776130?
1210
Calculate the highest common divisor of 14224 and 112.
112
What is the highest common divisor of 145 and 638?
29
What is the greatest common divisor of 14 and 71146?
2
Calculate the highest common divisor of 75701 and 25925.
1037
Calculate the highest common factor of 4929 and 61745.
53
What is the highest common divisor of 138 and 4675854?
138
Calculate the highest common factor of 15291 and 864.
9
Calculate the greatest common divisor of 94694 and 452.
226
What is the greatest common factor of 4896 and 220167?
153
What is the highest common factor of 103912 and 744?
248
Calculate the greatest common divisor of 5063135 and 385.
385
What is the highest common factor of 12432 and 27454?
518
Calculate the greatest common divisor of 45840 and 24.
24
What is the greatest common factor of 39165 and 1260?
105
What is the highest common factor of 29773 and 76?
19
Calculate the greatest common factor of 17272 and 2053209.
2159
Calculate the greatest common factor of 3795 and 31020.
165
What is the greatest common divisor of 42 and 309022?
14
Calculate the greatest common factor of 322 and 108696.
14
What is the highest common divisor of 1689300 and 60?
60
Calculate the greatest common divisor of 1008 and 24432.
48
Calculate the highest common divisor of 2202108 and 12.
12
What is the greatest common divisor of 660 and 140520?
60
Calculate the highest common divisor of 250821 and 19809.
279
Calculate the greatest common divisor of 792 and 64878.
66
Calculate the highest common factor of 1540 and 1260.
140
What is the greatest common factor of 16219 and 3641?
331
Calculate the highest common divisor of 609817 and 3965.
793
Calculate the greatest common divisor of 20629 and 245.
49
What is the greatest common divisor of 258 and 1434?
6
Calculate the highest common factor of 95485 and 195.
65
What is the highest common factor of 17703 and 63?
63
Calculate the highest common divisor of 337233 and 26.
13
What is the greatest common divisor of 399996 and 53136?
1476
Calculate the greatest common divisor of 12 and 330396.
12
What is the greatest common divisor of 152 and 416404?
76
What is the greatest common divisor of 1125 and 23211?
9
Calculate the greatest common divisor of 40 and 518912.
8
Calculate the highest common factor of 56 and 2913512.
56
Calculate the highest common divisor of 390827 and 915.
61
Calculate the greatest common factor of 156096 and 3456.
576
Calculate the greatest common factor of 886743 and 371.
53
Calculate the highest common factor of 401176 and 32.
8
Calculate the highest common divisor of 3337615 and 61.
61
What is the highest common factor of 4402 and 3782?
62
Calculate the greatest common factor of 8736 and 3614.
26
Calculate the greatest common divisor of 48820 and 5860.
20
Calculate the highest common divisor of 3080 and 120.
40
What is the highest common factor of 15 and 741435?
15
What is the greatest common factor of 1922 and 7874?
62
What is the highest common factor of 9898 and 42?
14
What is the greatest common factor of 1440 and 215136?
288
What is the greatest common divisor of 4629 and 60?
3
What is the highest common factor of 44319 and 6162?
237
What is the greatest common divisor of 148 and 199874?
74
What is the highest common divisor of 1713156 and 5505?
1101
What is the highest common factor of 51523 and 1538?
769
Calculate the highest common factor of 386736 and 48.
48
Calculate the greatest common divisor of 32 and 83024.
16
What is the greatest common divisor of 80674 and 1672?
418
What is the greatest common divisor of 5344 and 224?
32
Calculate the greatest common divisor of 1055 and 59291.
211
What is the greatest common divisor of 87335 and 10?
5
Calculate the highest common divisor of 281214 and 6.
6
What is the greatest common divisor of 3178630 and 91?
91
What is the highest common factor of 3315 and 285?
15
Calculate the greatest common factor of 1959506 and 362.
362
Calculate the greatest common factor of 264 and 59016.
24
What is the highest common factor of 7040 and 118360?
440
Calculate the greatest common divisor of 553950 and 3750.
150
What is the greatest common divisor of 199249 and 46?
23
What is the greatest common factor of 5891 and 959?
137
Calculate the highest common factor of 11526 and 85.
17
Calculate the greatest common divisor of 2616 and 104.
8
What is the highest common factor of 2590 and 29230?
370
What is the greatest common divisor of 41065 and 430?
215
Calculate the greatest common factor of 80122 and 4366.
118
What is the highest common divisor of 1579 and 2?
1
What is the greatest common factor of 32265 and 3645?
135
Calculate the greatest common divisor of 210 and 53305.
35
Calculate the highest common divisor of 832 and 15376.
16
What is the highest common factor of 1150 and 2124050?
1150
Calculate the highest common divisor of 227020 and 780.
20
What is the highest common factor o